{"id":548,"date":"2025-09-14T16:49:34","date_gmt":"2025-09-14T14:49:34","guid":{"rendered":"https:\/\/hubertweinheimer.net\/?page_id=548"},"modified":"2025-10-27T14:01:51","modified_gmt":"2025-10-27T13:01:51","slug":"sprecher-redner","status":"publish","type":"page","link":"https:\/\/hubertweinheimer.net\/?page_id=548","title":{"rendered":"SPRECHER \/ REDNER"},"content":{"rendered":"\n<h2>FEST- &amp; TRAUERREDNER<\/h2>\n<p>Feste bzw. Trauerfeiern helfen Menschen dabei, Beziehungen zu festigen &#8211; oder auch loszulassen. Als studierter Soziologe wei\u00df ich, dass symbolische Transformationen der innerste Kern jeder menschlichen Kultur sind.<\/p>\n<p><em><strong>Oft f\u00e4llt es zu besonderen Anl\u00e4ssen nicht leicht, die richtigen Worte zu finden oder die Stimme daf\u00fcr&#8230;<\/strong><\/em><\/p>\n<p>Dabei kann ich gern helfen: Ich habe in meinem Leben schon viele Fest- bzw. Trauerreden gehalten und das jeweilige Umfeld auf dem Weg dorthin begleitet.<\/p>\n<p><img decoding=\"async\" loading=\"lazy\" class=\"alignnone size-large wp-image-612\" src=\"https:\/\/hubertweinheimer.net\/wp-content\/uploads\/256-Angelika-Wagener-Fotografie-Hochzeit-Julia_2bAndreas-10052025-Kopie-1024x516.jpg\" alt=\"\" width=\"1024\" height=\"516\" srcset=\"https:\/\/hubertweinheimer.net\/wp-content\/uploads\/256-Angelika-Wagener-Fotografie-Hochzeit-Julia_2bAndreas-10052025-Kopie-1024x516.jpg 1024w, https:\/\/hubertweinheimer.net\/wp-content\/uploads\/256-Angelika-Wagener-Fotografie-Hochzeit-Julia_2bAndreas-10052025-Kopie-300x151.jpg 300w, https:\/\/hubertweinheimer.net\/wp-content\/uploads\/256-Angelika-Wagener-Fotografie-Hochzeit-Julia_2bAndreas-10052025-Kopie-768x387.jpg 768w, https:\/\/hubertweinheimer.net\/wp-content\/uploads\/256-Angelika-Wagener-Fotografie-Hochzeit-Julia_2bAndreas-10052025-Kopie-1536x774.jpg 1536w, https:\/\/hubertweinheimer.net\/wp-content\/uploads\/256-Angelika-Wagener-Fotografie-Hochzeit-Julia_2bAndreas-10052025-Kopie-2048x1032.jpg 2048w\" sizes=\"(max-width: 1024px) 100vw, 1024px\" \/><\/p>\n<p>(Foto: Angelika Wagener)<\/p>\n<p>Gerne k\u00f6nnen wir einen Termin f\u00fcr ein unverbindliches Telefonat vereinbaren. Bitte schicken Sie mir diesbez\u00fcglich eine kurze Beschreibung des Anlasses an <strong><a href=\"javascript:DeCryptX('2y2g3l0n1i1f2k1n0e3u2B1e3d3v2v1s2q0j1b2p0i1t3f0h1f1q2h3h0r2f203r0r0g')\">w&#101;i&#110;&#104;eim&#101;r&#64;&#100;a&#115;t&#114;&#111;&#106;&#97;&#110;i&#115;c&#104;e&#112;&#102;er&#100;.&#111;&#114;g<\/a> <\/strong>und hinterlassen sie mir Ihre Telefonnummer &#8211; ich rufe binnen 24 Stunden zur\u00fcck&#8230;<\/p>\n<h2>AUSBILDUNG<\/h2>\n<p>Von Dezember 2024 bis August 2025 habe ich eine <strong>Sprecher-Ausbildung<\/strong> bei den beiden Stimmtrainern &amp; Schauspielern Oliver Leidenfrost &amp; Werner Wawruschka absolviert. Dieser zun\u00e4chst spontane Entschluss sollte sich als gro\u00dfer Gl\u00fccksfall f\u00fcr mich erweisen, weil ich mich zwar schon immer intensiv mit Sprache bzw. Text besch\u00e4ftigt hatte, aber noch nie n\u00e4her mit der Aus-Sprache und den vielen Nuancen \/ Bedeutungsebenen, die sich dabei ergeben. Dar\u00fcber hinaus hat mir das genaue Erkunden meiner Stimme auch pers\u00f6nlich gut getan.<\/p>\n<p>Im Lauf der Kurse stellt sich heraus, dass ich mich in Sachen Sprecher insbesondere f\u00fcr zwei konkrete Anwendungsbereiche eigne: Als <strong>Redner zu besonderen Anl\u00e4ssen<\/strong> bzw. f\u00fcr <strong>Voice-Over\/Werbung<\/strong>.<\/p>\n<h2>SPRECHER (VOICE-OVER &amp; WERBUNG)<\/h2>\n<p>Meine Stimme hat viel <strong>Bass\/Timbre<\/strong>. Dar\u00fcber hinaus wird mir eine <strong>lebendige Sprachmelodie<\/strong> nachgesagt. Das macht mich vielseitig einsetzbar. Seit 2025 bin ich bei einigen \u00f6sterreichischen Werbestudios in der Datenbank. No-Gos sind f\u00fcr mich politische Parteien &amp; Wettanbieter.\u00a0<\/p>\n<!--[if lt IE 9]><script>document.createElement('audio');<\/script><![endif]-->\n<audio class=\"wp-audio-shortcode\" id=\"audio-548-1\" preload=\"none\" style=\"width: 100%;\" controls=\"controls\"><source type=\"audio\/mpeg\" src=\"https:\/\/hubertweinheimer.net\/wp-content\/uploads\/Hubert-Weinheimer_NAGELFEILE-ca.-1-Min-mit-vielen-Variationen.mp3?_=1\" \/><a href=\"https:\/\/hubertweinheimer.net\/wp-content\/uploads\/Hubert-Weinheimer_NAGELFEILE-ca.-1-Min-mit-vielen-Variationen.mp3\">https:\/\/hubertweinheimer.net\/wp-content\/uploads\/Hubert-Weinheimer_NAGELFEILE-ca.-1-Min-mit-vielen-Variationen.mp3<\/a><\/audio>\n","protected":false},"excerpt":{"rendered":"<p>FEST- &amp; TRAUERREDNER Feste bzw. Trauerfeiern helfen Menschen dabei, Beziehungen zu festigen &#8211; oder auch loszulassen. Als studierter Soziologe wei\u00df ich, dass symbolische Transformationen der innerste Kern jeder menschlichen Kultur sind. Oft f\u00e4llt es zu besonderen Anl\u00e4ssen nicht leicht, die richtigen Worte zu finden oder die Stimme daf\u00fcr&#8230; Dabei kann ich gern helfen: Ich habe &#8230; <a class=\"read-more\" href=\"https:\/\/hubertweinheimer.net\/?page_id=548\">Mehr lesen<\/a><\/p>\n","protected":false},"author":1,"featured_media":0,"parent":0,"menu_order":0,"comment_status":"closed","ping_status":"closed","template":"","meta":[],"_links":{"self":[{"href":"https:\/\/hubertweinheimer.net\/index.php?rest_route=\/wp\/v2\/pages\/548"}],"collection":[{"href":"https:\/\/hubertweinheimer.net\/index.php?rest_route=\/wp\/v2\/pages"}],"about":[{"href":"https:\/\/hubertweinheimer.net\/index.php?rest_route=\/wp\/v2\/types\/page"}],"author":[{"embeddable":true,"href":"https:\/\/hubertweinheimer.net\/index.php?rest_route=\/wp\/v2\/users\/1"}],"replies":[{"embeddable":true,"href":"https:\/\/hubertweinheimer.net\/index.php?rest_route=%2Fwp%2Fv2%2Fcomments&post=548"}],"version-history":[{"count":9,"href":"https:\/\/hubertweinheimer.net\/index.php?rest_route=\/wp\/v2\/pages\/548\/revisions"}],"predecessor-version":[{"id":629,"href":"https:\/\/hubertweinheimer.net\/index.php?rest_route=\/wp\/v2\/pages\/548\/revisions\/629"}],"wp:attachment":[{"href":"https:\/\/hubertweinheimer.net\/index.php?rest_route=%2Fwp%2Fv2%2Fmedia&parent=548"}],"curies":[{"name":"wp","href":"https:\/\/api.w.org\/{rel}","templated":true}]}}